{"id":2176,"date":"2021-05-18T14:50:50","date_gmt":"2021-05-18T14:50:50","guid":{"rendered":"https:\/\/alfonsoyramon.com\/?page_id=2176"},"modified":"2022-03-08T17:09:13","modified_gmt":"2022-03-08T17:09:13","slug":"blog-post","status":"publish","type":"page","link":"https:\/\/alfonsoyramon.com\/?page_id=2176","title":{"rendered":"Blog Post"},"content":{"rendered":"\n<div class=\"wp-block-cover alignfull\" style=\"min-height:324px;aspect-ratio:unset;\"><span aria-hidden=\"true\" class=\"has-background-dim-60 wp-block-cover__gradient-background has-background-dim\" style=\"background-color:#044c76\"><\/span><img fetchpriority=\"high\" decoding=\"async\" width=\"2560\" height=\"1386\" class=\"wp-block-cover__image-background wp-image-1610\" alt=\"\" src=\"https:\/\/alfonsoyramon.com\/wp-content\/uploads\/2021\/05\/portada-atomizador-03.jpg\" style=\"object-position:47% 60%\" data-object-fit=\"cover\" data-object-position=\"47% 60%\" srcset=\"https:\/\/alfonsoyramon.com\/wp-content\/uploads\/2021\/05\/portada-atomizador-03.jpg 2560w, https:\/\/alfonsoyramon.com\/wp-content\/uploads\/2021\/05\/portada-atomizador-03-300x162.jpg 300w, https:\/\/alfonsoyramon.com\/wp-content\/uploads\/2021\/05\/portada-atomizador-03-1024x554.jpg 1024w, https:\/\/alfonsoyramon.com\/wp-content\/uploads\/2021\/05\/portada-atomizador-03-768x416.jpg 768w, https:\/\/alfonsoyramon.com\/wp-content\/uploads\/2021\/05\/portada-atomizador-03-1536x832.jpg 1536w, https:\/\/alfonsoyramon.com\/wp-content\/uploads\/2021\/05\/portada-atomizador-03-2048x1109.jpg 2048w\" sizes=\"(max-width: 2560px) 100vw, 2560px\" \/><div class=\"wp-block-cover__inner-container is-layout-flow wp-block-cover-is-layout-flow\">\n<p class=\"has-text-align-center has-large-font-size\">Todos los art\u00edculos<\/p>\n<\/div><\/div>\n\n\n<style id=\"sp_pcp_dynamic_style2175\">#pcp_wrapper-2175 .sp-pcp-row{ margin-right: -10px;margin-left: -10px;}#pcp_wrapper-2175 .sp-pcp-row [class*='sp-pcp-col-']{padding-right: 10px;padding-left: 10px;padding-bottom: 20px;}.pcp-wrapper-2175 .sp-pcp-title a {color: #111;display: inherit;} .pcp-wrapper-2175 .sp-pcp-title a:hover {color: #e1624b;}.pcp-wrapper-2175 .sp-pcp-post-content{color: #444; }#pcp_wrapper-2175 .sp-pcp-post {padding: 0 0 0 0;}#pcp_wrapper-2175 .sp-pcp-post {border: 0px solid #e2e2e2;}#pcp_wrapper-2175 .sp-pcp-post {border-radius: 0px;}#pcp_wrapper-2175 .sp-pcp-post{background-color: transparent;}.pcp-wrapper-2175 .sp-pcp-post-meta li,.pcp-wrapper-2175 .sp-pcp-post-meta ul,.pcp-wrapper-2175 .sp-pcp-post-meta li a{color: #888;}.pcp-wrapper-2175 .sp-pcp-post-meta li a:hover{color: #e1624b;}#pcp_wrapper-2175 .pcp-readmore-link{ background: transparent; color: #111; border-color: #888; } #pcp_wrapper-2175 .pcp-readmore-link:hover { background: #e1624b; color: #fff; border-color: #e1624b; }#pcp_wrapper-2175 .pcp-post-pagination .page-numbers.current, #pcp_wrapper-2175 .pcp-post-pagination a.active , #pcp_wrapper-2175 .pcp-post-pagination a:hover{ color: #ffffff; background: #e1624b; border-color: #e1624b; }#pcp_wrapper-2175 .pcp-post-pagination .page-numbers, .pcp-post-pagination a{ background: #ffffff; color:#5e5e5e; border-color: #bbbbbb; }<\/style>\n<div id=\"pcp_wrapper-2175\" class=\"sp-pcp-section sp-pcp-container pcp-wrapper-2175\">\n<div id=\"pcp-preloader\" class=\"pcp-preloader\"><\/div>\n\t\t<div class=\"sp-pcp-row\">\n\t\t\t\t<div class=\" sp-pcp-col-xs-1 sp-pcp-col-sm-2 sp-pcp-col-md-2 sp-pcp-col-lg-3 sp-pcp-col-xl-3\">\n\t\t\t<div class=\"sp-pcp-post pcp-item-3048\" data-id=\"3048\">\n\t\t\t\t\t\t\t\t<div class=\"pcp-post-thumb-wrapper\">\n\t\t\t\t\t<div class=\"sp-pcp-post-thumb-area\">\n\t\t\t\t\t\t\t\t\t\t\t\t<a class=\"sp-pcp-thumb\" href=\"https:\/\/alfonsoyramon.com\/?p=3048\" target=\"_self\" rel=nofollow>\n\t\t\t\t\t\t\t\t\t\t\t\t\t<img decoding=\"async\" src=\"https:\/\/alfonsoyramon.com\/wp-content\/uploads\/2024\/10\/Hybrid-container-01.png\" width=\"1000\" height=\"1000\" alt=\"\">\n\t\t\t\t\t\t<\/a>\n\t\t\t\t\t<\/div>\n\t\t\t\t<\/div>\n\t\t\t\t\t\t\t<h2 class=\"sp-pcp-title\">\n\t\t\t\t\t\t\t\t\t<a href=\"https:\/\/alfonsoyramon.com\/?p=3048\" rel=nofollow target=\"_self\">DISTRIBUIDOR OFICIAL HYBRID HOME<\/a>\t\t\t\t\t\t\t<\/h2>\n\t\t\t\t\t\t<div class=\"sp-pcp-post-content\">\n\t\t\t<p>DESDE AGOSTO DE 2024 ALFONSO Y RAMON ES DISTRIBUIDOR OFICIAL DE CASAS MOVILES HYBRID HOME \u00bfNecesitas un despacho, una sala de juegos para los ni\u00f1os o incluso un espacio extra para invitados? Con los m\u00f3dulos de expansi\u00f3n, las posibilidades son pr\u00e1cticamente ilimitadas. Las Hybrid Home no solo ofrecen un hogar moderno y eficiente, sino que [&hellip;]<\/p>\n\t\t<div class=\"sp-pcp-readmore\">\n\t\t\t\t\t\t\t<a class=\"pcp-readmore-link\" target=\"_self\" href=\"https:\/\/alfonsoyramon.com\/?p=3048\" rel=nofollow>\n\t\t\t\t\t\tRead More <\/a>\n\t\t<\/div>\n\t\t\t\t\t<\/div>\n\t\t\t\t\t\t<\/div>\n\t\t<\/div>\n\t\t\t\t<div class=\" sp-pcp-col-xs-1 sp-pcp-col-sm-2 sp-pcp-col-md-2 sp-pcp-col-lg-3 sp-pcp-col-xl-3\">\n\t\t\t<div class=\"sp-pcp-post pcp-item-3039\" data-id=\"3039\">\n\t\t\t\t\t\t\t\t<div class=\"pcp-post-thumb-wrapper\">\n\t\t\t\t\t<div class=\"sp-pcp-post-thumb-area\">\n\t\t\t\t\t\t\t\t\t\t\t\t<a class=\"sp-pcp-thumb\" href=\"https:\/\/alfonsoyramon.com\/?p=3039\" target=\"_self\" rel=nofollow>\n\t\t\t\t\t\t\t\t\t\t\t\t\t<img decoding=\"async\" src=\"https:\/\/alfonsoyramon.com\/wp-content\/uploads\/2024\/07\/Dossier-Ispacom-1_page-0012.jpg\" width=\"1713\" height=\"1241\" alt=\"\">\n\t\t\t\t\t\t<\/a>\n\t\t\t\t\t<\/div>\n\t\t\t\t<\/div>\n\t\t\t\t\t\t\t<h2 class=\"sp-pcp-title\">\n\t\t\t\t\t\t\t\t\t<a href=\"https:\/\/alfonsoyramon.com\/?p=3039\" rel=nofollow target=\"_self\">PUNTO DE VENTA Y SERVICIO TECNICO OFICIAL DE ISPACOM, MAQUINAS PERFORADORAS<\/a>\t\t\t\t\t\t\t<\/h2>\n\t\t\t\t\t\t<div class=\"sp-pcp-post-content\">\n\t\t\t<p>YA SOMOS PUNTO DE VENTA Y SERVICIO TECNICO OFICIAL DE ISPACOM MAQUINAS HINCADORAS Y PERFORADORAS. Tanto alquiler como venta, ya pod\u00e9is disfrutar de estas m\u00e1quinas, muy exigentes tanto en calidad como innovaci\u00f3n. V\u00e1lidas para postes de hasta 5 metros, la calidad de su martillo y motor, hace que los usos que se le pueden dar [&hellip;]<\/p>\n\t\t<div class=\"sp-pcp-readmore\">\n\t\t\t\t\t\t\t<a class=\"pcp-readmore-link\" target=\"_self\" href=\"https:\/\/alfonsoyramon.com\/?p=3039\" rel=nofollow>\n\t\t\t\t\t\tRead More <\/a>\n\t\t<\/div>\n\t\t\t\t\t<\/div>\n\t\t\t\t\t\t<\/div>\n\t\t<\/div>\n\t\t\t\t<div class=\" sp-pcp-col-xs-1 sp-pcp-col-sm-2 sp-pcp-col-md-2 sp-pcp-col-lg-3 sp-pcp-col-xl-3\">\n\t\t\t<div class=\"sp-pcp-post pcp-item-3030\" data-id=\"3030\">\n\t\t\t\t\t\t\t\t<div class=\"pcp-post-thumb-wrapper\">\n\t\t\t\t\t<div class=\"sp-pcp-post-thumb-area\">\n\t\t\t\t\t\t\t\t\t\t\t\t<a class=\"sp-pcp-thumb\" href=\"https:\/\/alfonsoyramon.com\/?p=3030\" target=\"_self\" rel=nofollow>\n\t\t\t\t\t\t\t\t\t\t\t\t\t<img loading=\"lazy\" decoding=\"async\" src=\"https:\/\/alfonsoyramon.com\/wp-content\/uploads\/2024\/05\/2024-05-15-19-17-19_EDIT.org_.jpeg\" width=\"1080\" height=\"1080\" alt=\"\">\n\t\t\t\t\t\t<\/a>\n\t\t\t\t\t<\/div>\n\t\t\t\t<\/div>\n\t\t\t\t\t\t\t<h2 class=\"sp-pcp-title\">\n\t\t\t\t\t\t\t\t\t<a href=\"https:\/\/alfonsoyramon.com\/?p=3030\" rel=nofollow target=\"_self\">SOMOS CONCESIONARIO OFICIAL PARA MURCIA DE VEHICULOS DE LA MARCA LINHAI<\/a>\t\t\t\t\t\t\t<\/h2>\n\t\t\t\t\t\t<div class=\"sp-pcp-post-content\">\n\t\t\t<p>Hemos llegado a un acuerdo para poder comercializar los veh\u00edculos de la marca LINHAI. Algunos de ellos dise\u00f1ados especialmente para el campo, con cualquiera de ellos podr\u00e1s comprobar el estado de tus tierras con potencia y fiabilidad. Adem\u00e1s, ya estamos en disposici\u00f3n de ofrecerte un modelo de UTV 100% el\u00e9ctrico. Con cero emisiones, es la [&hellip;]<\/p>\n\t\t<div class=\"sp-pcp-readmore\">\n\t\t\t\t\t\t\t<a class=\"pcp-readmore-link\" target=\"_self\" href=\"https:\/\/alfonsoyramon.com\/?p=3030\" rel=nofollow>\n\t\t\t\t\t\tRead More <\/a>\n\t\t<\/div>\n\t\t\t\t\t<\/div>\n\t\t\t\t\t\t<\/div>\n\t\t<\/div>\n\t\t\t\t<div class=\" sp-pcp-col-xs-1 sp-pcp-col-sm-2 sp-pcp-col-md-2 sp-pcp-col-lg-3 sp-pcp-col-xl-3\">\n\t\t\t<div class=\"sp-pcp-post pcp-item-2953\" data-id=\"2953\">\n\t\t\t\t\t\t\t\t<div class=\"pcp-post-thumb-wrapper\">\n\t\t\t\t\t<div class=\"sp-pcp-post-thumb-area\">\n\t\t\t\t\t\t\t\t\t\t\t\t<a class=\"sp-pcp-thumb\" href=\"https:\/\/alfonsoyramon.com\/?p=2953\" target=\"_self\" rel=nofollow>\n\t\t\t\t\t\t\t\t\t\t\t\t\t<img loading=\"lazy\" decoding=\"async\" src=\"https:\/\/alfonsoyramon.com\/wp-content\/uploads\/2023\/11\/PHOTO-2023-11-27-19-04-34.jpg\" width=\"1600\" height=\"1600\" alt=\"Beneficios del Ozono\">\n\t\t\t\t\t\t<\/a>\n\t\t\t\t\t<\/div>\n\t\t\t\t<\/div>\n\t\t\t\t\t\t\t<h2 class=\"sp-pcp-title\">\n\t\t\t\t\t\t\t\t\t<a href=\"https:\/\/alfonsoyramon.com\/?p=2953\" rel=nofollow target=\"_self\">BENEFICIOS DEL OZONO EN LA AGRICULTURA Y GANADER\u00cdA<\/a>\t\t\t\t\t\t\t<\/h2>\n\t\t\t\t\t\t<div class=\"sp-pcp-post-content\">\n\t\t\t<p>El sector agr\u00edcola y ganadero est\u00e1 constantemente en busca de soluciones innovadoras y sostenibles para mejorar la productividad y garantizar la calidad de sus cultivos y animales. En este sentido, el uso del ozono representa una excelente alternativa que ofrece numerosos beneficios. En este art\u00edculo, exploraremos c\u00f3mo el ozono puede ser de gran utilidad en [&hellip;]<\/p>\n\t\t<div class=\"sp-pcp-readmore\">\n\t\t\t\t\t\t\t<a class=\"pcp-readmore-link\" target=\"_self\" href=\"https:\/\/alfonsoyramon.com\/?p=2953\" rel=nofollow>\n\t\t\t\t\t\tRead More <\/a>\n\t\t<\/div>\n\t\t\t\t\t<\/div>\n\t\t\t\t\t\t<\/div>\n\t\t<\/div>\n\t\t\t\t<div class=\" sp-pcp-col-xs-1 sp-pcp-col-sm-2 sp-pcp-col-md-2 sp-pcp-col-lg-3 sp-pcp-col-xl-3\">\n\t\t\t<div class=\"sp-pcp-post pcp-item-2893\" data-id=\"2893\">\n\t\t\t\t\t\t\t\t<div class=\"pcp-post-thumb-wrapper\">\n\t\t\t\t\t<div class=\"sp-pcp-post-thumb-area\">\n\t\t\t\t\t\t\t\t\t\t\t\t<a class=\"sp-pcp-thumb\" href=\"https:\/\/alfonsoyramon.com\/?p=2893\" target=\"_self\" rel=nofollow>\n\t\t\t\t\t\t\t\t\t\t\t\t\t<img loading=\"lazy\" decoding=\"async\" src=\"https:\/\/alfonsoyramon.com\/wp-content\/uploads\/2023\/01\/Captura-1.jpg\" width=\"728\" height=\"862\" alt=\"\">\n\t\t\t\t\t\t<\/a>\n\t\t\t\t\t<\/div>\n\t\t\t\t<\/div>\n\t\t\t\t\t\t\t<h2 class=\"sp-pcp-title\">\n\t\t\t\t\t\t\t\t\t<a href=\"https:\/\/alfonsoyramon.com\/?p=2893\" rel=nofollow target=\"_self\">CONVENIO CON ORCHARD-RITE. LAS MAQUINAS EOLICAS LLEGAN A JUMILLA<\/a>\t\t\t\t\t\t\t<\/h2>\n\t\t\t\t\t\t<div class=\"sp-pcp-post-content\">\n\t\t\t<p>ACUERDO DE COLABORACION ENTRE ORCHARD-RITE Y ALFONSO Y RAMON El l\u00edder mundial en m\u00e1quinas anti heladas ORCHARD-RITE y ALFONSO Y RAMON han llegado a un acuerdo de colaboraci\u00f3n para ofrecer sus molinos anti heladas.Las m\u00e1quinas e\u00f3licas trabajan con la naturaleza, aumentando las temperaturas mediante unfen\u00f3meno clim\u00e1tico conocido como inversi\u00f3n t\u00e9rmica.Durante el d\u00eda, el sol calienta [&hellip;]<\/p>\n\t\t<div class=\"sp-pcp-readmore\">\n\t\t\t\t\t\t\t<a class=\"pcp-readmore-link\" target=\"_self\" href=\"https:\/\/alfonsoyramon.com\/?p=2893\" rel=nofollow>\n\t\t\t\t\t\tRead More <\/a>\n\t\t<\/div>\n\t\t\t\t\t<\/div>\n\t\t\t\t\t\t<\/div>\n\t\t<\/div>\n\t\t\t\t<div class=\" sp-pcp-col-xs-1 sp-pcp-col-sm-2 sp-pcp-col-md-2 sp-pcp-col-lg-3 sp-pcp-col-xl-3\">\n\t\t\t<div class=\"sp-pcp-post pcp-item-2884\" data-id=\"2884\">\n\t\t\t\t\t\t\t\t<div class=\"pcp-post-thumb-wrapper\">\n\t\t\t\t\t<div class=\"sp-pcp-post-thumb-area\">\n\t\t\t\t\t\t\t\t\t\t\t\t<a class=\"sp-pcp-thumb\" href=\"https:\/\/alfonsoyramon.com\/?p=2884\" target=\"_self\" rel=nofollow>\n\t\t\t\t\t\t\t\t\t\t\t\t\t<img loading=\"lazy\" decoding=\"async\" src=\"https:\/\/alfonsoyramon.com\/wp-content\/uploads\/2022\/12\/Diploma-Perla-Moreno.jpg\" width=\"1754\" height=\"1241\" alt=\"\">\n\t\t\t\t\t\t<\/a>\n\t\t\t\t\t<\/div>\n\t\t\t\t<\/div>\n\t\t\t\t\t\t\t<h2 class=\"sp-pcp-title\">\n\t\t\t\t\t\t\t\t\t<a href=\"https:\/\/alfonsoyramon.com\/?p=2884\" rel=nofollow target=\"_self\">ESPECIALISTAS EN TRATAMIENTO CON OZONO<\/a>\t\t\t\t\t\t\t<\/h2>\n\t\t\t\t\t\t<div class=\"sp-pcp-post-content\">\n\t\t\t<p>EXCELENCIA EN EL TRATAMIENTO CON OZONO POR LA UDM ALFONSO Y RAMON ha obtenido el certificado de EXCELENCIA en el curso profesional del Ozono impartido por la UNIVERSIDAD A DISTANCIA DE MADRID. Esto nos capacita para desarrollar proyectos que hacen que las cosechas sean mucho m\u00e1s sanas y productivas.<\/p>\n\t\t<div class=\"sp-pcp-readmore\">\n\t\t\t\t\t\t\t<a class=\"pcp-readmore-link\" target=\"_self\" href=\"https:\/\/alfonsoyramon.com\/?p=2884\" rel=nofollow>\n\t\t\t\t\t\tRead More <\/a>\n\t\t<\/div>\n\t\t\t\t\t<\/div>\n\t\t\t\t\t\t<\/div>\n\t\t<\/div>\n\t\t\t\t<div class=\" sp-pcp-col-xs-1 sp-pcp-col-sm-2 sp-pcp-col-md-2 sp-pcp-col-lg-3 sp-pcp-col-xl-3\">\n\t\t\t<div class=\"sp-pcp-post pcp-item-2861\" data-id=\"2861\">\n\t\t\t\t\t\t\t\t<div class=\"pcp-post-thumb-wrapper\">\n\t\t\t\t\t<div class=\"sp-pcp-post-thumb-area\">\n\t\t\t\t\t\t\t\t\t\t\t\t<a class=\"sp-pcp-thumb\" href=\"https:\/\/alfonsoyramon.com\/?p=2861\" target=\"_self\" rel=nofollow>\n\t\t\t\t\t\t\t\t\t\t\t\t\t<img loading=\"lazy\" decoding=\"async\" src=\"https:\/\/alfonsoyramon.com\/wp-content\/uploads\/2022\/03\/LOGO-1.jpg\" width=\"1080\" height=\"1080\" alt=\"\">\n\t\t\t\t\t\t<\/a>\n\t\t\t\t\t<\/div>\n\t\t\t\t<\/div>\n\t\t\t\t\t\t\t<h2 class=\"sp-pcp-title\">\n\t\t\t\t\t\t\t\t\t<a href=\"https:\/\/alfonsoyramon.com\/?p=2861\" rel=nofollow target=\"_self\">ALFONSO Y RAMON UNE SU CAMINO CON               TRACTORES SOLIS<\/a>\t\t\t\t\t\t\t<\/h2>\n\t\t\t\t\t\t<div class=\"sp-pcp-post-content\">\n\t\t\t<p>YA ES OFICIAL: SOMOS CONCESIONARIO OFICIAL PARA LA REGION DE MURCIA \u00a1YA ES NOTICIA! TRACTORES SOLIS y ALFONSO Y RAMON unen sus caminos. Ya estamos en disposici\u00f3n de anunciaros que somos CONCESIONARIO OFICIAL PARA MURCIA de Tractores Solis. Hemos llegado a un acuerdo y ya los tenemos para TOD@S vosostr@s.Tienen la dureza y robustez de [&hellip;]<\/p>\n\t\t<div class=\"sp-pcp-readmore\">\n\t\t\t\t\t\t\t<a class=\"pcp-readmore-link\" target=\"_self\" href=\"https:\/\/alfonsoyramon.com\/?p=2861\" rel=nofollow>\n\t\t\t\t\t\tRead More <\/a>\n\t\t<\/div>\n\t\t\t\t\t<\/div>\n\t\t\t\t\t\t<\/div>\n\t\t<\/div>\n\t\t\t<\/div>\n\t\t<span class=\"sp-pcp-pagination-data\" style=\"display:none;\"><\/span>\n\n\t\t<nav class=\"pcp-post-pagination pcp-on-desktop\">\n\t\t\t\t\t<\/nav>\n\t\t\t\t\t<nav class=\"pcp-post-pagination pcp-on-mobile\">\n\t\t\t\t\t<\/nav>\n\t\t\t\t<\/div>\n\n\n\n\n<style>\n.page-header{\ndisplay:none; !important}\n<\/style>\n\n\n\n<p><\/p>\n","protected":false},"excerpt":{"rendered":"","protected":false},"author":1,"featured_media":0,"parent":0,"menu_order":0,"comment_status":"closed","ping_status":"closed","template":"","meta":{"inline_featured_image":false,"footnotes":""},"class_list":["post-2176","page","type-page","status-publish","hentry"],"_links":{"self":[{"href":"https:\/\/alfonsoyramon.com\/index.php?rest_route=\/wp\/v2\/pages\/2176"}],"collection":[{"href":"https:\/\/alfonsoyramon.com\/index.php?rest_route=\/wp\/v2\/pages"}],"about":[{"href":"https:\/\/alfonsoyramon.com\/index.php?rest_route=\/wp\/v2\/types\/page"}],"author":[{"embeddable":true,"href":"https:\/\/alfonsoyramon.com\/index.php?rest_route=\/wp\/v2\/users\/1"}],"replies":[{"embeddable":true,"href":"https:\/\/alfonsoyramon.com\/index.php?rest_route=%2Fwp%2Fv2%2Fcomments&post=2176"}],"version-history":[{"count":0,"href":"https:\/\/alfonsoyramon.com\/index.php?rest_route=\/wp\/v2\/pages\/2176\/revisions"}],"wp:attachment":[{"href":"https:\/\/alfonsoyramon.com\/index.php?rest_route=%2Fwp%2Fv2%2Fmedia&parent=2176"}],"curies":[{"name":"wp","href":"https:\/\/api.w.org\/{rel}","templated":true}]}}